 2*m**x - 3*m**2 - 1 - m**2 + m**3. Give o(1).
-1
Let q(s) = s - 4. Let t(g) = 1. Let y(n) = -q(n) - 4*t(n). Let h(c) = 2*c + 22. Let d be h(-10). Calculate y(d).
-2
Suppose 4*m + l = -5, 2*m = -4*l - l - 25. Let g(q) = -q**2 + q + 6. Calculate g(m).
6
Suppose 5*p + 4*f - 22 = 0, -4*p - f - 1 = -4*f. Let h(j) = 4*j**2 - 3*j + 1. Give h(p).
11
Let h(u) be the first derivative of -u**4/24 + 4*u**3/3 + 3*u**2 - 6. Let g(t) be the second derivative of h(t). Calculate g(0).
8
Let m(w) = -3*w**2 + 4*w - 2. Let k(n) = 2*n**2 - n - 1. Let r be k(-1). Determine m(r).
-6
Let l(b) be the first derivative of b**6/120 + b**5/15 + b**3/2 + b**2 - 3. Let i(f) be the second derivative of l(f). Determine i(-4).
3
Let r = -11 + 5. Let p(k) = k. Calculate p(r).
-6
Let w(d) = d. Suppose -3*j + 30 = -0*j. Suppose -7*q + 8*q = 6. Let n = q - j. Calculate w(n).
-4
Let c(l) = -l + 1. Let j = 28 - 24. Determine c(j).
-3
Let j(n) = n**3 - 5*n**2 + 3*n - 1. Let r be j(4). Let h(b) = -b**2 - 5*b - 4. Calculate h(r).
-4
Let t(i) = 0*i - 3*i + 2*i - 6*i**3 + 1. Let x(y) = -y**3 + 4*y**2 + 4*y + 6. Let f be x(5). Determine t(f).
-6
Let y(z) = z**3 + 4*z**2 + z + 4. Let d be (-2)/3*(13 - 28/4). Calculate y(d).
0
Let u be (-50)/(-5)*1/2. Let m(a) = -3*a - 2 + u + 2*a. Suppose -5*k - 3*j + 18 = 5, k + 11 = -4*j. What is m(k)?
-2
Let h(a) = 2 + a + 1 + 3. Let u be -2 + 1 + 1 + 3. Suppose u*s + 9 + 6 = 0. What is h(s)?
1
Let l(v) be the first derivative of -1/3*v**3 - v - 3 - 3*v**2. Determine l(-5).
4
Let t = -10 - -11. Let i(y) be the first derivative of -y**6/15 - y**2 + 2. Let g(j) be the second derivative of i(j). What is g(t)?
-8
Let t = -15 - -18. Let w(p) = -p**2 + p - 1. Let l(k) = 3*k**2 - 8*k + 5. Let j = -6 - -7. Let q(h) = j*l(h) + 2*w(h). Determine q(t).
-6
Suppose -5*z - 4*d = -23, 0*z + 2*d = 4*z - 8. Let c(n) = -1 + 2*n**2 - 2 - 2*n - z*n**2 + 0. Suppose 4*r + g - 2 = -11, r = -3*g - 5. Calculate c(r).
-3
Suppose 2*k + 4*v + 3 = -7, k + 9 = -3*v. Suppose 3*s + 3*i - 2 = 4*s, -5*i + 14 = -k*s. Let p(z) = 2*z + 10. Give p(s).
-6
Let a(n) = -n**2 + 6*n + 1. Let h(x) = x**3 - 22*x**2 - 21*x - 41. Let s be h(23). Calculate a(s).
6
Let v(q) be the first derivative of -q**7/840 + q**6/72 - q**5/40 + q**4/8 + q**3/3 - 6. Let i(u) be the third derivative of v(u). Determine i(4).
7
Let z(i) = -i**2 - i - 1. Suppose -67*k + 62*k - 20 = 0. Give z(k).
-13
Suppose 2*q - 4 = -4*w + 26, 27 = 4*w + 5*q. Let g(t) = 5*t + t**2 + 13 - w - 2*t**2. Give g(5).
5
Let x(k) = k**2 - 2*k + 1. Let y(n) = -2*n**2 + 5*n - 2. Suppose 0*z + 3*z = 18. Let u(d) = z*y(d) + 13*x(d). What is u(-2)?
-3
Let h(v) = v**3 - 5*v**2 + 3*v. Suppose -4*n - 20 = 0, -u - u - 3*n - 7 = 0. Let o be -3 + (2*14)/u. Give h(o).
-4
Let c(g) = -2*g**3 - 2*g**2 - 7*g - 6. Let z(s) = -s**3 - s**2 - s - 1. Let o(y) = c(y) - 3*z(y). What is o(-2)?
1
Let x(u) = u**2 + u + 2. Let n = 0 - -1. Let m be 2 - ((2 - n) + 1). Determine x(m).
2
Let n be (-14)/(-12) + (-3)/(-9). Let l(y) be the second derivative of 0 + y**3 - n*y**2 - 1/12*y**4 - y. What is l(2)?
5
Let l(a) = -a**3 - 4*a**2 - 4*a - 4. Let o = -3 + 8. Suppose o*p - 4*w + 5 = 2*p, p = 3*w. Give l(p).
-1
Let q(x) = -x**3 + 8*x**2 + 5. Let c be q(8). Let j(p) = -p + 6. Calculate j(c).
1
Suppose 0*t = -3*t + 15, -2*z = -2*t. Let p(k) = -3*k**2 - 2 + 6 + z*k - 2 + 4*k**2. Give p(-2).
-4
Let h(c) be the third derivative of c**6/15 - c**5/60 + c**3/6 + c**2. Suppose 0*p - 2 = 2*p. What is h(p)?
-8
Let i(s) = 12*s + 5*s - 23*s + 6 + 7*s. Calculate i(-7).
-1
Let h be 20/15*(-3)/2. Let v(x) be the second derivative of -x**4/6 - 2*x**3/3 - 3*x**2/2 - 6*x. Determine v(h).
-3
Let d(z) = -3*z**2 - 3*z. Let p = -5 - -7. Suppose 0 = -p*l - 2*l + 8. Suppose -l - 4 = 3*w. Give d(w).
-6
Let k(s) = -21 - 28 + s + 49. Suppose 0 = 2*o - 9 - 3. What is k(o)?
6
Suppose 5*p - 2 = -3*s + 9, 1 = -2*s + 5*p. Let k(r) = r**3 + 11*r + r**s + 9 + 6*r**2 - 4*r. What is k(-6)?
3
Let v be 25/(-35) + (-2)/7. Let n = 3 - v. Suppose -3*p - 5*x - n = 0, -2*p - x = -7*p - 16. Let l(f) = -f**3 - 3*f**2 - 2*f + 1. Give l(p).
7
Let m(h) = 0*h**2 + h**2 - 2*h**2 - 5*h - 1. Calculate m(-4).
3
Let u = 5 - 1. Suppose u*r - r = 9. Suppose 3*v + 25 = -5*k, -3*k - k + 7 = -r*v. Let l(f) = -f**3 - 2*f**2 - f. Give l(k).
2
Suppose -o + 0*o - 12 = 0. Let h = 8 + o. Let w(l) be the first derivative of -l**4/4 - 4*l**3/3 - l**2/2 - 3*l - 1. Calculate w(h).
1
Let v(b) = -4*b**3 + 3*b**2 + 3*b + 2. Let o(p) = 3*p**3 - 2*p**2 - 2*p - 2. Let k(i) = 3*o(i) + 2*v(i). What is k(2)?
6
Let i(n) = n**3 - n**2 - n - 4. Suppose -4*t - 4*p = -32, 2*p - 29 = -3*t - 2*p. Determine i(t).
11
Let x(i) be the second derivative of i**6/180 - i**5/120 - i**4/12 - i**3/2 + 2*i. Let r(o) be the second derivative of x(o). Calculate r(-2).
8
Suppose -5*z + 4*y + 18 = 0, 18 = 4*z - 4*y - y. Let b be z*2/(-8)*2. Let m(k) = -k**3 + 1 + 3*k**2 - 5*k**2 + 3*k**3. Determine m(b).
-3
Let j(r) = 5 - 2*r**2 - 10*r + 3*r + 3*r**2. Let g(i) = 2*i**3 + i**2 + i + 5. Let u be g(0). Calculate j(u).
-5
Let v(l) = -11*l**2 + 6*l - 1. Let a(m) = -4*m - 4 + 3*m**2 + 4*m**2 + 5. Let c(n) = 8*a(n) + 5*v(n). Let r = -3 + 5. Give c(r).
3
Let o(p) = -p**2 - 7*p + 2. Let v(r) = -r**2 - 3*r + 3. Let y be v(2). Give o(y).
2
Let a(h) = 2*h**3 - 8*h**2 - h - 8. Suppose 2*r - 5 - 5 = 0. Let y(k) = 2*k**3 - 7*k**2 - k - 7. Let t(u) = r*a(u) - 6*y(u). Determine t(2).
-4
Let k(c) = -8*c**3 - 2*c**2 + 1. Suppose -m + 4*o + 5 = 2*o, m - 5 = o. Suppose 1 = m*f + 4*n + 26, 4*n + 17 = 3*f. Give k(f).
7
Let q(t) = -5*t + 13. Let c(p) = -p + 3. Let b(j) = 11*c(j) - 2*q(j). Let m(r) = r + 1. Let g be m(5). Give b(g).
1
Let l(p) be the first derivative of -p**4/4 - 5*p**3/3 - 5*p**2/2 - 4*p - 1. What is l(-4)?
0
Let m(y) = 2*y**2 - 5*y + 1. Let i(n) = n**2 - n. Let b(t) = -5*i(t) + 2*m(t). Let w(p) = -p - 8. Let a be w(-4). Determine b(a).
6
Let v be -4 + (-11)/((-11)/6). Let x(r) = 2*r - 3. What is x(v)?
1
Let i be -4*(1 - (-1)/4). Let r(v) = v**3 + 5*v**2 - 18 + 22 + v + 2*v. Calculate r(i).
-11
Let v(q) = -q**2 + q. Let r be (-6)/(-9) - (-4)/3. Let n be (-6)/r - (-8 - -5). Calculate v(n).
0
Let n(r) = r**2 + 6*r - 1. Suppose -u + 2 = 3. Let m be u + 4/(-4) - 3. Calculate n(m).
-6
Suppose 6*s = -s. Suppose -k = 4, s*k - 6 = 2*y - 2*k. Let b(x) = -x**3 - 6*x**2 + 5*x - 10. What is b(y)?
4
Let z(g) = g + 3. Let w(n) = n**2 + 10*n. Let j be w(-10). Let y = j + -4. What is z(y)?
-1
Let l(j) be the third derivative of -1/40*j**5 + 0*j**3 + j**2 + 0 + 1/24*j**4 - 1/720*j**6 + 0*j. Let h(x) be the second derivative of l(x). Give h(-4).
1
Let q(c) = 4*c - 2*c - c + 2. Determine q(-4).
-2
Let r(b) be the second derivative of b**3/6 - b**2/2 - 5*b. What is r(5)?
4
Let a(c) = c**2 - 25*c - 4. Let l be a(25). Let y(w) = w - 3. Calculate y(l).
-7
Let t(w) = 6 - w**3 + 8 + 4*w - 4*w**2 - 7. Calculate t(-5).
12
Let r be 40/12*(-12)/(-10). Suppose r*j - u = j - 11, -5*j - 5*u + 15 = 0. Let b(z) = -5*z - 2. Let f(v) = v. Let t(d) = -b(d) - 6*f(d). Give t(j).
4
Let v(j) = j**2 + 5*j - 1. Let a be v(-5). Let o(q) = -4 + 2 + 2*q**3 + 0*q**3. Let k(x) = x**3 - x**2 - 1. Let y(r) = a*k(r) + o(r). Determine y(-1).
-1
Suppose 5*m - 91 - 14 = 0. Suppose 0 = -4*x + 5*d - 38, 8 = -5*x - 3*d - m. Let r(v) = -v**2 - 5*v + 9. Give r(x).
-5
Let s = -1 + 4. Let b(v) = 2 - 5*v - 3*v**2 - s*v**2 - 1 - v**3. Determine b(-5).
1
Let j(u) = u - 4. Suppose 2*i + 2*i + 12 = 0. What is j(i)?
-7
Let z(j) = -5*j + 1. Let t be z(-1). Let r(p) = p - 5. What is r(t)?
1
Let l = 9 + -13. Let a(g) be the third derivative of -g**5/60 - g**4/8 + 24*g**2. Calculate a(l).
-4
Let p = -3 - -8. Let h be (-1)/(3 - 16/p). Let a(d) = -d**3 + 5*d**2 - 3*d + 2. Give a(h).
-13
Let p(m) = 2 + 1 + 7*m**2 - 11*m**2 + 5*m**2 - 4*m. Let c(s) = s**2 - 3*s + 3. Let z(t) = 3*c(t) - 4*p(t). What is z(6)?
3
Suppose 4*t + 4 = 8. Let u(s) = -s**2 + s - 1. Let g(j) = 4*j**2 + 3*j + 4. Let r be 1/2*-2 + 4. Let n(x) = r*u(x) + t*g(x). Calculate n(-5).
-4
Let r(b) = -b**2 + 7*b - 10. Let u be r(5). Let d(m) = -m**2 - 3. Determine d(u).
-3
Let o(w) be the third derivative of w**7/840 - w**6/360 - w**5/120 + w**4/8 - w**3/2 + 3*w**2. Let v(b) be the first derivative of o(b). Determine v(0).
3
Let p(q) = -5*q**2 + 2*q + 1. Suppose 2*g + 5*d = -0*g + 13, 3*